 + h. What is the greatest common factor of s and 143?
13
Suppose 0*s = 5*f - 5*s - 70, f - 17 = 2*s. Let q(g) = 2*g**2 + 6*g - 9. Let a be q(6). What is the greatest common divisor of a and f?
11
Let g(y) = 11*y**3 + 6*y**2 + y - 1. Let z(c) = c**3 + c**2. Let m(x) = g(x) - 5*z(x). Let k be m(1). What is the greatest common divisor of k and 35?
7
Suppose 4 - 2 = 2*z. Let p = -1 - 5. Let m be 2*(-2 + (-15)/p). Calculate the highest common divisor of z and m.
1
Let s(b) = -b**3 + 8*b**2 + 21*b + 2. Let t be s(10). Calculate the highest common divisor of 12 and t.
12
Let l = 2 - 2. Let w = l + 30. Calculate the greatest common divisor of 5 and w.
5
Let i be (-2)/4*9*-4. Calculate the greatest common factor of 27 and i.
9
Let d(w) = w + 21. Let i be d(-16). What is the highest common factor of 25 and i?
5
Suppose -6*n + 10 = -4*n. Calculate the greatest common divisor of n and 1.
1
Suppose 0*j = -5*j + 50. What is the greatest common divisor of 110 and j?
10
Suppose 5*m - 6 = 2*m. Let t(p) = -7*p - 2 - 2*p**2 + 4*p + 6*p**2 - p**2. Let c be t(-2). Calculate the greatest common factor of m and c.
2
Let l(k) = 8*k**2 + k - 3. Let n be l(3). Let j = -82 - -100. What is the highest common factor of j and n?
18
Suppose -2*t - 12*t = -490. Calculate the highest common factor of 28 and t.
7
Suppose -5*a = -3*l, -2*a = -a + 5*l. Suppose -b = -a*b - 179. Let u = b - 102. What is the greatest common factor of u and 7?
7
Suppose 5*a + 145 = 630. Suppose -7*l = -3*l + 12, -a = -2*w + 3*l. What is the greatest common factor of 4 and w?
4
Suppose -27*f - 2*h + 30 = -25*f, -4*h = -2*f + 48. Let m be 160/6 + 2/6. Calculate the highest common divisor of m and f.
9
Let r(c) = -c**3 + 6*c**2 - 4*c + 3. Let k be r(5). Let s = -9 + k. Let o be (s/(-2))/((-3)/(-60)). Calculate the highest common divisor of o and 15.
5
Let k be (14/3)/(4/66). Suppose -g + 339 = 2*g. Let q = g - k. What is the highest common factor of 24 and q?
12
Let l(t) = -7*t - 43. Let m be l(-9). Suppose -5*c + 144 = u - 356, 3*u = 4*c - 400. What is the greatest common factor of m and c?
20
Let x(j) = -j**3 - 6*j**2 - 3*j + 10. Let z be x(-5). Let k = 3 - z. Calculate the highest common factor of 9 and k.
3
Suppose 6 = 2*g - t, 0*t = -3*g - 2*t + 23. Calculate the greatest common divisor of g and 5.
5
Let w be 9/((-95)/(-40) + -2). Calculate the highest common factor of w and 16.
8
Suppose -p + 2*g = -132, -2*p + 5*g = -7*p + 615. Let z = p - -194. Suppose h + 3*h = z. What is the greatest common divisor of 10 and h?
10
Let d be (-30)/(0 - 3/6). Let u = 159 - d. Suppose -x = 5*b - 24, 20 + 13 = 5*x - 4*b. Calculate the greatest common factor of x and u.
9
Let z = 269 + -148. Calculate the highest common factor of 11 and z.
11
Suppose -2*x + 2*m = -18, 2*x - m = 4*m + 21. Let t(r) = r + 5. Let i be t(0). Let k = i - -7. What is the highest common divisor of k and x?
4
Suppose 2 = -3*n - 4. Let u = n - -3. What is the highest common factor of u and 10?
1
Let a be (-3 + 4)*(1 + -2). Let t be (1 + a)/(-3 - -6). Suppose t = -2*f + 5*f - 198. Calculate the greatest common divisor of 22 and f.
22
Let u(t) = -t - 9. Let p be u(-12). Let a(b) = -b**3 + 4*b**2 - 2*b - 2. Let v be a(p). What is the greatest common factor of v and 4?
1
Let z(v) = -2*v + 0*v**3 + v**3 - 5*v + 6*v**2 + 1 + 5. Let a be z(-6). Calculate the greatest common divisor of a and 32.
16
Let r(i) = i**3 - 5*i**2 - 8*i - 8. Let c be r(7). What is the greatest common factor of 51 and c?
17
Let u(w) = 3*w**3 - 2*w**2 + 2*w + 3. Let g be u(3). Suppose -n = 3*n - g. What is the greatest common divisor of n and 54?
18
Let x(s) = -s**3 - 6*s**2 + 5*s - 7. Let w be x(-7). What is the highest common factor of w and 56?
7
Suppose -133 = -14*a + 581. What is the highest common factor of 34 and a?
17
Let f be (-20)/(2*5/(-20)). Calculate the highest common divisor of 100 and f.
20
Suppose 0 = 5*r - 3*o + 5*o - 9, 0 = -4*r + 4*o + 24. Let a be r - -4*15/6. Calculate the highest common divisor of a and 52.
13
Let s(j) = 28*j - 2. Suppose 6*t - 12 = 3*t. Let a be s(t). What is the greatest common factor of 22 and a?
22
Let f = 12 - -8. What is the highest common factor of f and 30?
10
Let n be (-92)/(-20) + 4/10. Suppose n*v - 3*i - 685 + 110 = 0, -3*v = -5*i - 345. What is the highest common divisor of 23 and v?
23
Let u be (6/(-8)*2)/(6/(-180)). What is the greatest common factor of 9 and u?
9
Let r be 1 - -2 - (2 + -1). Suppose r*d + 4*s = 116, 3*d + 4*s - 236 = -d. Let y = 84 - 60. What is the highest common factor of d and y?
12
Let j(y) = 5*y + 6. Let h be j(4). Suppose 0 = -t - 2, h = 4*k + 2*t + 3*t. Calculate the greatest common divisor of 99 and k.
9
Let j(h) = -3*h + 1. Let o be j(-6). Calculate the highest common divisor of o and 57.
19
Suppose 3*h + 193 = 1054. Calculate the greatest common factor of 41 and h.
41
Suppose 0 = -l - 0*l. Suppose l = -2*c + 3 - 13. Let x = c + 10. What is the greatest common divisor of x and 2?
1
Let y(x) = -470*x**2 + x. Let d be y(-1). Let f be (d/3 - -3)/(-2). Calculate the highest common factor of 7 and f.
7
Let m be 12/(-54) + 2650/18. Let i = -66 + m. Let y = 8 - -1. What is the greatest common factor of i and y?
9
Let u(j) = j**3 - 11*j**2 + 9*j - 7. Suppose 4*z = z, 5*h = -z + 55. Let d be u(h). Let p = 80 + -57. Calculate the highest common divisor of p and d.
23
Suppose 0 = 3*s - 3 - 12. Suppose -3*g - 3 = -0*g, -s*g - 15 = -2*t. Calculate the highest common factor of 5 and t.
5
Let q(o) = 4*o**3 - o - 4. Let g be q(-4). Let l = -160 - g. Calculate the highest common divisor of l and 12.
12
Let x be 9/6*168/18. What is the greatest common factor of 42 and x?
14
Let w = -5 - -3. Let o be w/(1/(-1)) + 20. Calculate the highest common divisor of 2 and o.
2
Let r(i) = i**2 + 10*i + 7. Let y be r(-10). What is the greatest common factor of 28 and y?
7
Let z be 112/11 - 18/99. What is the highest common divisor of 10 and z?
10
Let y(g) = -6*g + 6. Let b be y(-7). Calculate the highest common divisor of 8 and b.
8
Let h = -43 - -93. What is the highest common divisor of h and 20?
10
Suppose -2*s + 9 + 3 = 0. Let d = -103 + 107. What is the highest common factor of d and s?
2
Let h(t) = -t. Let n(u) = -9*u. Let y(f) = -6*h(f) + n(f). Let m be y(-4). What is the highest common factor of m and 8?
4
Suppose 0*t + 64 = 4*t. What is the highest common factor of t and 4?
4
Suppose 3*x = -4 + 52. Suppose 5*s - 310 = -2*o, s = -3*s + 4*o + 276. Calculate the greatest common divisor of x and s.
16
Let w be 7/1*(-384)/(-56). Calculate the highest common factor of 72 and w.
24
Suppose 14 = -0*w + 2*w. Let k(n) = n**3 + 10*n**2 - 12*n - 4. Let g be k(-11). Suppose -4*l = -g*l + 147. What is the greatest common factor of w and l?
7
Let w(q) = -6*q + 38. Let k be w(4). Suppose -93 = -4*y + 3*y. Let h = y - 51. Calculate the greatest common factor of k and h.
14
Let l(d) = -d + 0 - 1 + 16. Suppose -2*k + 5*y - 31 = -6*k, 1 = -y. Let n be l(k). What is the greatest common factor of 2 and n?
2
Suppose 18 = -5*v + 63. What is the highest common divisor of v and 45?
9
Let k(r) = 5*r - 16. Let b be k(7). Suppose -3*j + j = -t - 148, 2*t + 4*j + 328 = 0. Let y be -2*(t/2 + 2). What is the highest common divisor of b and y?
19
Let t be 9*12/9*5. What is the highest common factor of 12 and t?
12
Let s be 4/8*-4 - -47. Let r = s + -26. Calculate the highest common factor of r and 209.
19
Let z be (-3)/9*(-5 + 2). Suppose -3 - z = -2*r. What is the highest common factor of 16 and r?
2
Suppose 0*z - 5*n - 741 = 3*z, -3*z - 741 = n. Let q = 355 + z. What is the highest common factor of 12 and q?
12
Let a = 17 + -11. Calculate the highest common divisor of 15 and a.
3
Let s = -47 - -74. Let c be -72*(2 + (-33)/12). What is the highest common divisor of s and c?
27
Let r(k) = 11*k**3 + k. Let h be r(1). Suppose -2*u + 7 + 17 = 0. What is the greatest common divisor of h and u?
12
Let b(j) = -j. Let x = 3 - 7. Let g be b(x). Let f be (2/g)/((-2)/(-24)). Calculate the highest common divisor of 3 and f.
3
Let x(d) = -d + 5. Let r be x(2). Calculate the highest common divisor of 15 and r.
3
Let n(x) be the first derivative of -3*x**4/4 + x**2 + x + 3. Let a be n(2). Let i = -9 - a. Calculate the highest common divisor of 25 and i.
5
Le